{"id":16,"date":"2024-04-19T12:17:52","date_gmt":"2024-04-19T10:17:52","guid":{"rendered":"http:\/\/www.monpins.com\/?page_id=16"},"modified":"2024-04-25T16:54:12","modified_gmt":"2024-04-25T14:54:12","slug":"pourquoi-nous","status":"publish","type":"page","link":"https:\/\/www.monpins.com\/index.php\/pourquoi-nous\/","title":{"rendered":"Pourquoi Nous"},"content":{"rendered":"\t\t<div data-elementor-type=\"wp-page\" data-elementor-id=\"16\" class=\"elementor elementor-16\">\n\t\t\t\t<div class=\"elementor-element elementor-element-f9e0b8d e-flex e-con-boxed e-con e-parent\" data-id=\"f9e0b8d\" data-element_type=\"container\" data-settings=\"{&quot;background_background&quot;:&quot;gradient&quot;}\">\n\t\t\t\t\t<div class=\"e-con-inner\">\n\t\t\t\t<div class=\"elementor-element elementor-element-71f318b elementor-widget elementor-widget-spacer\" data-id=\"71f318b\" data-element_type=\"widget\" data-widget_type=\"spacer.default\">\n\t\t\t\t<div class=\"elementor-widget-container\">\n\t\t\t<style>\/*! elementor - v3.21.0 - 18-04-2024 *\/\n.elementor-column .elementor-spacer-inner{height:var(--spacer-size)}.e-con{--container-widget-width:100%}.e-con-inner>.elementor-widget-spacer,.e-con>.elementor-widget-spacer{width:var(--container-widget-width,var(--spacer-size));--align-self:var(--container-widget-align-self,initial);--flex-shrink:0}.e-con-inner>.elementor-widget-spacer>.elementor-widget-container,.e-con>.elementor-widget-spacer>.elementor-widget-container{height:100%;width:100%}.e-con-inner>.elementor-widget-spacer>.elementor-widget-container>.elementor-spacer,.e-con>.elementor-widget-spacer>.elementor-widget-container>.elementor-spacer{height:100%}.e-con-inner>.elementor-widget-spacer>.elementor-widget-container>.elementor-spacer>.elementor-spacer-inner,.e-con>.elementor-widget-spacer>.elementor-widget-container>.elementor-spacer>.elementor-spacer-inner{height:var(--container-widget-height,var(--spacer-size))}.e-con-inner>.elementor-widget-spacer.elementor-widget-empty,.e-con>.elementor-widget-spacer.elementor-widget-empty{position:relative;min-height:22px;min-width:22px}.e-con-inner>.elementor-widget-spacer.elementor-widget-empty .elementor-widget-empty-icon,.e-con>.elementor-widget-spacer.elementor-widget-empty .elementor-widget-empty-icon{position:absolute;top:0;bottom:0;left:0;right:0;margin:auto;padding:0;width:22px;height:22px}<\/style>\t\t<div class=\"elementor-spacer\">\n\t\t\t<div class=\"elementor-spacer-inner\"><\/div>\n\t\t<\/div>\n\t\t\t\t<\/div>\n\t\t\t\t<\/div>\n\t\t\t\t<div class=\"elementor-element elementor-element-d9bc65a elementor-invisible elementor-widget elementor-widget-heading\" data-id=\"d9bc65a\" data-element_type=\"widget\" data-settings=\"{&quot;_animation&quot;:&quot;fadeInUp&quot;}\" data-widget_type=\"heading.default\">\n\t\t\t\t<div class=\"elementor-widget-container\">\n\t\t\t<style>\/*! elementor - v3.21.0 - 18-04-2024 *\/\n.elementor-heading-title{padding:0;margin:0;line-height:1}.elementor-widget-heading .elementor-heading-title[class*=elementor-size-]>a{color:inherit;font-size:inherit;line-height:inherit}.elementor-widget-heading .elementor-heading-title.elementor-size-small{font-size:15px}.elementor-widget-heading .elementor-heading-title.elementor-size-medium{font-size:19px}.elementor-widget-heading .elementor-heading-title.elementor-size-large{font-size:29px}.elementor-widget-heading .elementor-heading-title.elementor-size-xl{font-size:39px}.elementor-widget-heading .elementor-heading-title.elementor-size-xxl{font-size:59px}<\/style><h1 class=\"elementor-heading-title elementor-size-default\">POURQUOI NOUS <\/h1>\t\t<\/div>\n\t\t\t\t<\/div>\n\t\t\t\t<div class=\"elementor-element elementor-element-4a1f116 elementor-widget-divider--view-line elementor-invisible elementor-widget elementor-widget-divider\" data-id=\"4a1f116\" data-element_type=\"widget\" data-settings=\"{&quot;_animation&quot;:&quot;fadeInDown&quot;}\" data-widget_type=\"divider.default\">\n\t\t\t\t<div class=\"elementor-widget-container\">\n\t\t\t<style>\/*! elementor - v3.21.0 - 18-04-2024 *\/\n.elementor-widget-divider{--divider-border-style:none;--divider-border-width:1px;--divider-color:#0c0d0e;--divider-icon-size:20px;--divider-element-spacing:10px;--divider-pattern-height:24px;--divider-pattern-size:20px;--divider-pattern-url:none;--divider-pattern-repeat:repeat-x}.elementor-widget-divider .elementor-divider{display:flex}.elementor-widget-divider .elementor-divider__text{font-size:15px;line-height:1;max-width:95%}.elementor-widget-divider .elementor-divider__element{margin:0 var(--divider-element-spacing);flex-shrink:0}.elementor-widget-divider .elementor-icon{font-size:var(--divider-icon-size)}.elementor-widget-divider .elementor-divider-separator{display:flex;margin:0;direction:ltr}.elementor-widget-divider--view-line_icon .elementor-divider-separator,.elementor-widget-divider--view-line_text .elementor-divider-separator{align-items:center}.elementor-widget-divider--view-line_icon .elementor-divider-separator:after,.elementor-widget-divider--view-line_icon .elementor-divider-separator:before,.elementor-widget-divider--view-line_text .elementor-divider-separator:after,.elementor-widget-divider--view-line_text .elementor-divider-separator:before{display:block;content:\"\";border-block-end:0;flex-grow:1;border-block-start:var(--divider-border-width) var(--divider-border-style) var(--divider-color)}.elementor-widget-divider--element-align-left .elementor-divider .elementor-divider-separator>.elementor-divider__svg:first-of-type{flex-grow:0;flex-shrink:100}.elementor-widget-divider--element-align-left .elementor-divider-separator:before{content:none}.elementor-widget-divider--element-align-left .elementor-divider__element{margin-left:0}.elementor-widget-divider--element-align-right .elementor-divider .elementor-divider-separator>.elementor-divider__svg:last-of-type{flex-grow:0;flex-shrink:100}.elementor-widget-divider--element-align-right .elementor-divider-separator:after{content:none}.elementor-widget-divider--element-align-right .elementor-divider__element{margin-right:0}.elementor-widget-divider--element-align-start .elementor-divider .elementor-divider-separator>.elementor-divider__svg:first-of-type{flex-grow:0;flex-shrink:100}.elementor-widget-divider--element-align-start .elementor-divider-separator:before{content:none}.elementor-widget-divider--element-align-start .elementor-divider__element{margin-inline-start:0}.elementor-widget-divider--element-align-end .elementor-divider .elementor-divider-separator>.elementor-divider__svg:last-of-type{flex-grow:0;flex-shrink:100}.elementor-widget-divider--element-align-end .elementor-divider-separator:after{content:none}.elementor-widget-divider--element-align-end .elementor-divider__element{margin-inline-end:0}.elementor-widget-divider:not(.elementor-widget-divider--view-line_text):not(.elementor-widget-divider--view-line_icon) .elementor-divider-separator{border-block-start:var(--divider-border-width) var(--divider-border-style) var(--divider-color)}.elementor-widget-divider--separator-type-pattern{--divider-border-style:none}.elementor-widget-divider--separator-type-pattern.elementor-widget-divider--view-line .elementor-divider-separator,.elementor-widget-divider--separator-type-pattern:not(.elementor-widget-divider--view-line) .elementor-divider-separator:after,.elementor-widget-divider--separator-type-pattern:not(.elementor-widget-divider--view-line) .elementor-divider-separator:before,.elementor-widget-divider--separator-type-pattern:not([class*=elementor-widget-divider--view]) .elementor-divider-separator{width:100%;min-height:var(--divider-pattern-height);-webkit-mask-size:var(--divider-pattern-size) 100%;mask-size:var(--divider-pattern-size) 100%;-webkit-mask-repeat:var(--divider-pattern-repeat);mask-repeat:var(--divider-pattern-repeat);background-color:var(--divider-color);-webkit-mask-image:var(--divider-pattern-url);mask-image:var(--divider-pattern-url)}.elementor-widget-divider--no-spacing{--divider-pattern-size:auto}.elementor-widget-divider--bg-round{--divider-pattern-repeat:round}.rtl .elementor-widget-divider .elementor-divider__text{direction:rtl}.e-con-inner>.elementor-widget-divider,.e-con>.elementor-widget-divider{width:var(--container-widget-width,100%);--flex-grow:var(--container-widget-flex-grow)}<\/style>\t\t<div class=\"elementor-divider\">\n\t\t\t<span class=\"elementor-divider-separator\">\n\t\t\t\t\t\t<\/span>\n\t\t<\/div>\n\t\t\t\t<\/div>\n\t\t\t\t<\/div>\n\t\t<div class=\"elementor-element elementor-element-1065dd6 e-grid e-con-full e-con e-child\" data-id=\"1065dd6\" data-element_type=\"container\">\n\t\t\t\t<div class=\"elementor-element elementor-element-40f0226 elementor-widget__width-initial elementor-widget elementor-widget-image\" data-id=\"40f0226\" data-element_type=\"widget\" data-widget_type=\"image.default\">\n\t\t\t\t<div class=\"elementor-widget-container\">\n\t\t\t<style>\/*! elementor - v3.21.0 - 18-04-2024 *\/\n.elementor-widget-image{text-align:center}.elementor-widget-image a{display:inline-block}.elementor-widget-image a img[src$=\".svg\"]{width:48px}.elementor-widget-image img{vertical-align:middle;display:inline-block}<\/style>\t\t\t\t\t\t\t\t\t\t<img decoding=\"async\" src=\"https:\/\/www.monpins.com\/wp-content\/uploads\/2024\/04\/image-pourquoi-nous.png\" title=\"image pourquoi nous\" alt=\"image pourquoi nous\" loading=\"lazy\" \/>\t\t\t\t\t\t\t\t\t\t\t\t\t<\/div>\n\t\t\t\t<\/div>\n\t\t<div class=\"elementor-element elementor-element-f018d1b e-flex e-con-boxed e-con e-child\" data-id=\"f018d1b\" data-element_type=\"container\" data-settings=\"{&quot;background_background&quot;:&quot;classic&quot;}\">\n\t\t\t\t\t<div class=\"e-con-inner\">\n\t\t\t\t<div class=\"elementor-element elementor-element-df3a990 elementor-widget elementor-widget-heading\" data-id=\"df3a990\" data-element_type=\"widget\" data-widget_type=\"heading.default\">\n\t\t\t\t<div class=\"elementor-widget-container\">\n\t\t\t<h5 class=\"elementor-heading-title elementor-size-default\">QUALITE SUPERIEUR :<\/h5>\t\t<\/div>\n\t\t\t\t<\/div>\n\t\t\t\t<div class=\"elementor-element elementor-element-f2807ec elementor-widget elementor-widget-text-editor\" data-id=\"f2807ec\" data-element_type=\"widget\" data-widget_type=\"text-editor.default\">\n\t\t\t\t<div class=\"elementor-widget-container\">\n\t\t\t<style>\/*! elementor - v3.21.0 - 18-04-2024 *\/\n.elementor-widget-text-editor.elementor-drop-cap-view-stacked .elementor-drop-cap{background-color:#69727d;color:#fff}.elementor-widget-text-editor.elementor-drop-cap-view-framed .elementor-drop-cap{color:#69727d;border:3px solid;background-color:transparent}.elementor-widget-text-editor:not(.elementor-drop-cap-view-default) .elementor-drop-cap{margin-top:8px}.elementor-widget-text-editor:not(.elementor-drop-cap-view-default) .elementor-drop-cap-letter{width:1em;height:1em}.elementor-widget-text-editor .elementor-drop-cap{float:left;text-align:center;line-height:1;font-size:50px}.elementor-widget-text-editor .elementor-drop-cap-letter{display:inline-block}<\/style>\t\t\t\t<p>Nous utilisons les meilleurs mat\u00e9riaux et les techniques de pointe pour garantir que chaque pin est non seulement beau mais durable.<\/p>\t\t\t\t\t\t<\/div>\n\t\t\t\t<\/div>\n\t\t\t\t<div class=\"elementor-element elementor-element-204ac1d elementor-widget elementor-widget-heading\" data-id=\"204ac1d\" data-element_type=\"widget\" data-widget_type=\"heading.default\">\n\t\t\t\t<div class=\"elementor-widget-container\">\n\t\t\t<h5 class=\"elementor-heading-title elementor-size-default\">EXPERTISE UNIQUE :<\/h5>\t\t<\/div>\n\t\t\t\t<\/div>\n\t\t\t\t<div class=\"elementor-element elementor-element-c132f77 elementor-widget elementor-widget-text-editor\" data-id=\"c132f77\" data-element_type=\"widget\" data-widget_type=\"text-editor.default\">\n\t\t\t\t<div class=\"elementor-widget-container\">\n\t\t\t\t\t\t\t<p>Notre \u00e9quipe de designers et artisans exp\u00e9riment\u00e9s est enti\u00e8rement d\u00e9di\u00e9e \u00e0 la cr\u00e9ation de pins, ce qui nous permet de vous offrir une expertise in\u00e9gal\u00e9e.<\/p>\t\t\t\t\t\t<\/div>\n\t\t\t\t<\/div>\n\t\t\t\t<div class=\"elementor-element elementor-element-030803f elementor-widget elementor-widget-heading\" data-id=\"030803f\" data-element_type=\"widget\" data-widget_type=\"heading.default\">\n\t\t\t\t<div class=\"elementor-widget-container\">\n\t\t\t<h5 class=\"elementor-heading-title elementor-size-default\">ENGAGEMENT ENVERS LA SATISFACTION DU CLIENT :<\/h5>\t\t<\/div>\n\t\t\t\t<\/div>\n\t\t\t\t<div class=\"elementor-element elementor-element-973d526 elementor-widget elementor-widget-text-editor\" data-id=\"973d526\" data-element_type=\"widget\" data-widget_type=\"text-editor.default\">\n\t\t\t\t<div class=\"elementor-widget-container\">\n\t\t\t\t\t\t\t<p>Votre satisfaction est au c\u0153ur de notre d\u00e9marche. Nous travaillons en \u00e9troite collaboration avec vous \u00e0 chaque \u00e9tape pour s\u2019assurer que le produit final d\u00e9passe vos attentes.<\/p>\t\t\t\t\t\t<\/div>\n\t\t\t\t<\/div>\n\t\t\t\t<div class=\"elementor-element elementor-element-c87f0d9 elementor-widget elementor-widget-heading\" data-id=\"c87f0d9\" data-element_type=\"widget\" data-widget_type=\"heading.default\">\n\t\t\t\t<div class=\"elementor-widget-container\">\n\t\t\t<h5 class=\"elementor-heading-title elementor-size-default\">FIABILITE ET REPUTATION :<\/h5>\t\t<\/div>\n\t\t\t\t<\/div>\n\t\t\t\t<div class=\"elementor-element elementor-element-4e831fe elementor-widget elementor-widget-text-editor\" data-id=\"4e831fe\" data-element_type=\"widget\" data-widget_type=\"text-editor.default\">\n\t\t\t\t<div class=\"elementor-widget-container\">\n\t\t\t\t\t\t\t<p>Avec plus de trois d\u00e9cennies d\u2019exp\u00e9rience et une solide base de clients satisfaits, y compris de grandes marques, vous pouvez compter sur nous pour vos besoins en pins personnalis\u00e9s.<\/p>\t\t\t\t\t\t<\/div>\n\t\t\t\t<\/div>\n\t\t\t\t\t<\/div>\n\t\t\t\t<\/div>\n\t\t\t\t<\/div>\n\t\t\t\t<div class=\"elementor-element elementor-element-65de099 elementor-widget elementor-widget-spacer\" data-id=\"65de099\" data-element_type=\"widget\" data-widget_type=\"spacer.default\">\n\t\t\t\t<div class=\"elementor-widget-container\">\n\t\t\t\t\t<div class=\"elementor-spacer\">\n\t\t\t<div class=\"elementor-spacer-inner\"><\/div>\n\t\t<\/div>\n\t\t\t\t<\/div>\n\t\t\t\t<\/div>\n\t\t\t\t\t<\/div>\n\t\t\t\t<\/div>\n\t\t\t\t<\/div>\n\t\t","protected":false},"excerpt":{"rendered":"<p>POURQUOI NOUS QUALITE SUPERIEUR : Nous utilisons les meilleurs mat\u00e9riaux et les techniques de pointe pour garantir que chaque pin&#8230;<\/p>\n","protected":false},"author":1,"featured_media":0,"parent":0,"menu_order":0,"comment_status":"closed","ping_status":"closed","template":"elementor_header_footer","meta":{"footnotes":""},"class_list":["post-16","page","type-page","status-publish","hentry"],"post-meta":{"_edit_lock":["1714056758:1"],"_edit_last":["1"],"site-container":["default"],"site-header-transparent":["default"],"site-page-header":["default"],"site-sidebar":["default"],"_elementor_edit_mode":["builder"],"_elementor_template_type":["wp-page"],"_elementor_version":["3.21.1"],"_wp_page_template":["elementor_header_footer"],"_elementor_data":["[{\"id\":\"f9e0b8d\",\"elType\":\"container\",\"settings\":{\"flex_direction\":\"column\",\"background_background\":\"gradient\",\"background_color\":\"#253570\"},\"elements\":[{\"id\":\"71f318b\",\"elType\":\"widget\",\"settings\":[],\"elements\":[],\"widgetType\":\"spacer\"},{\"id\":\"d9bc65a\",\"elType\":\"widget\",\"settings\":{\"title\":\"POURQUOI NOUS \",\"title_color\":\"#FFFFFF\",\"typography_typography\":\"custom\",\"typography_font_family\":\"Kanit\",\"typography_font_weight\":\"600\",\"header_size\":\"h1\",\"align\":\"center\",\"_animation\":\"fadeInUp\"},\"elements\":[],\"widgetType\":\"heading\"},{\"id\":\"4a1f116\",\"elType\":\"widget\",\"settings\":{\"width\":{\"unit\":\"%\",\"size\":19,\"sizes\":[]},\"text\":\"Divider\",\"color\":\"#F70A3F\",\"gap\":{\"unit\":\"px\",\"size\":10,\"sizes\":[]},\"align\":\"center\",\"_animation\":\"fadeInDown\"},\"elements\":[],\"widgetType\":\"divider\"},{\"id\":\"1065dd6\",\"elType\":\"container\",\"settings\":{\"container_type\":\"grid\",\"presetTitle\":\"Grid\",\"presetIcon\":\"eicon-container-grid\",\"content_width\":\"full\",\"grid_columns_grid\":{\"unit\":\"fr\",\"size\":2,\"sizes\":[]},\"grid_rows_grid\":{\"unit\":\"fr\",\"size\":1,\"sizes\":[]}},\"elements\":[{\"id\":\"40f0226\",\"elType\":\"widget\",\"settings\":{\"image\":{\"url\":\"http:\\\/\\\/www.monpins.com\\\/wp-content\\\/uploads\\\/2024\\\/04\\\/image-pourquoi-nous.png\",\"id\":112,\"size\":\"\",\"alt\":\"\",\"source\":\"library\"},\"image_size\":\"custom\",\"image_custom_dimension\":{\"width\":\"400\",\"height\":\"\"},\"_element_width\":\"initial\",\"_element_custom_width\":{\"unit\":\"%\",\"size\":104.752},\"_flex_size\":\"none\"},\"elements\":[],\"widgetType\":\"image\"},{\"id\":\"f018d1b\",\"elType\":\"container\",\"settings\":{\"flex_direction\":\"column\",\"width\":{\"unit\":\"%\",\"size\":50.973},\"_flex_size\":\"none\",\"_element_width\":\"initial\",\"background_background\":\"classic\",\"background_color\":\"#25357000\",\"padding\":{\"unit\":\"px\",\"top\":\"39\",\"right\":\"39\",\"bottom\":\"39\",\"left\":\"39\",\"isLinked\":true},\"_flex_align_self\":\"center\",\"presetTitle\":\"Container\",\"presetIcon\":\"eicon-container\"},\"elements\":[{\"id\":\"df3a990\",\"elType\":\"widget\",\"settings\":{\"title\":\"QUALITE SUPERIEUR :\",\"header_size\":\"h5\",\"title_color\":\"#FFFFFF\",\"typography_typography\":\"custom\",\"typography_font_family\":\"Kanit\",\"typography_font_weight\":\"600\"},\"elements\":[],\"widgetType\":\"heading\"},{\"id\":\"f2807ec\",\"elType\":\"widget\",\"settings\":{\"editor\":\"<p>Nous utilisons les meilleurs mat\\u00e9riaux et les techniques de pointe pour garantir que chaque pin est non seulement beau mais durable.<\\\/p>\",\"text_color\":\"#FFFFFF\",\"typography_typography\":\"custom\",\"typography_font_family\":\"Roboto\",\"typography_font_weight\":\"400\",\"typography_line_height\":{\"unit\":\"px\",\"size\":16,\"sizes\":[]}},\"elements\":[],\"widgetType\":\"text-editor\"},{\"id\":\"204ac1d\",\"elType\":\"widget\",\"settings\":{\"title\":\"EXPERTISE UNIQUE :\",\"header_size\":\"h5\",\"title_color\":\"#FFFFFF\",\"typography_typography\":\"custom\",\"typography_font_family\":\"Kanit\",\"typography_font_weight\":\"600\"},\"elements\":[],\"widgetType\":\"heading\"},{\"id\":\"c132f77\",\"elType\":\"widget\",\"settings\":{\"editor\":\"<p>Notre \\u00e9quipe de designers et artisans exp\\u00e9riment\\u00e9s est enti\\u00e8rement d\\u00e9di\\u00e9e \\u00e0 la cr\\u00e9ation de pins, ce qui nous permet de vous offrir une expertise in\\u00e9gal\\u00e9e.<\\\/p>\",\"text_color\":\"#FFFFFF\",\"typography_typography\":\"custom\",\"typography_font_family\":\"Roboto\",\"typography_font_weight\":\"400\",\"typography_line_height\":{\"unit\":\"px\",\"size\":16,\"sizes\":[]}},\"elements\":[],\"widgetType\":\"text-editor\"},{\"id\":\"030803f\",\"elType\":\"widget\",\"settings\":{\"title\":\"ENGAGEMENT ENVERS LA SATISFACTION DU CLIENT :\",\"header_size\":\"h5\",\"title_color\":\"#FFFFFF\",\"typography_typography\":\"custom\",\"typography_font_family\":\"Kanit\",\"typography_font_weight\":\"600\"},\"elements\":[],\"widgetType\":\"heading\"},{\"id\":\"973d526\",\"elType\":\"widget\",\"settings\":{\"editor\":\"<p>Votre satisfaction est au c\\u0153ur de notre d\\u00e9marche. Nous travaillons en \\u00e9troite collaboration avec vous \\u00e0 chaque \\u00e9tape pour s\\u2019assurer que le produit final d\\u00e9passe vos attentes.<\\\/p>\",\"text_color\":\"#FFFFFF\",\"typography_typography\":\"custom\",\"typography_font_family\":\"Roboto\",\"typography_font_weight\":\"400\",\"typography_line_height\":{\"unit\":\"px\",\"size\":16,\"sizes\":[]}},\"elements\":[],\"widgetType\":\"text-editor\"},{\"id\":\"c87f0d9\",\"elType\":\"widget\",\"settings\":{\"title\":\"FIABILITE ET REPUTATION :\",\"header_size\":\"h5\",\"title_color\":\"#FFFFFF\",\"typography_typography\":\"custom\",\"typography_font_family\":\"Kanit\",\"typography_font_weight\":\"600\"},\"elements\":[],\"widgetType\":\"heading\"},{\"id\":\"4e831fe\",\"elType\":\"widget\",\"settings\":{\"editor\":\"<p>Avec plus de trois d\\u00e9cennies d\\u2019exp\\u00e9rience et une solide base de clients satisfaits, y compris de grandes marques, vous pouvez compter sur nous pour vos besoins en pins personnalis\\u00e9s.<\\\/p>\",\"text_color\":\"#FFFFFF\",\"typography_typography\":\"custom\",\"typography_font_family\":\"Roboto\",\"typography_font_weight\":\"400\",\"typography_line_height\":{\"unit\":\"px\",\"size\":16,\"sizes\":[]}},\"elements\":[],\"widgetType\":\"text-editor\"}],\"isInner\":true}],\"isInner\":true},{\"id\":\"65de099\",\"elType\":\"widget\",\"settings\":[],\"elements\":[],\"widgetType\":\"spacer\"}],\"isInner\":false}]"],"_elementor_page_assets":["a:1:{s:6:\"styles\";a:1:{i:0;s:12:\"e-animations\";}}"],"_elementor_controls_usage":["a:6:{s:6:\"spacer\";a:3:{s:5:\"count\";i:2;s:15:\"control_percent\";i:0;s:8:\"controls\";a:0:{}}s:7:\"heading\";a:3:{s:5:\"count\";i:5;s:15:\"control_percent\";i:2;s:8:\"controls\";a:3:{s:7:\"content\";a:1:{s:13:\"section_title\";a:2:{s:5:\"title\";i:5;s:11:\"header_size\";i:5;}}s:5:\"style\";a:1:{s:19:\"section_title_style\";a:5:{s:11:\"title_color\";i:5;s:21:\"typography_typography\";i:5;s:22:\"typography_font_family\";i:5;s:22:\"typography_font_weight\";i:5;s:5:\"align\";i:1;}}s:8:\"advanced\";a:1:{s:15:\"section_effects\";a:1:{s:10:\"_animation\";i:1;}}}}s:7:\"divider\";a:3:{s:5:\"count\";i:1;s:15:\"control_percent\";i:2;s:8:\"controls\";a:3:{s:7:\"content\";a:1:{s:15:\"section_divider\";a:2:{s:5:\"width\";i:1;s:5:\"align\";i:1;}}s:5:\"style\";a:1:{s:21:\"section_divider_style\";a:2:{s:5:\"color\";i:1;s:3:\"gap\";i:1;}}s:8:\"advanced\";a:1:{s:15:\"section_effects\";a:1:{s:10:\"_animation\";i:1;}}}}s:5:\"image\";a:3:{s:5:\"count\";i:1;s:15:\"control_percent\";i:2;s:8:\"controls\";a:2:{s:7:\"content\";a:1:{s:13:\"section_image\";a:3:{s:5:\"image\";i:1;s:10:\"image_size\";i:1;s:22:\"image_custom_dimension\";i:1;}}s:8:\"advanced\";a:1:{s:14:\"_section_style\";a:3:{s:14:\"_element_width\";i:1;s:21:\"_element_custom_width\";i:1;s:10:\"_flex_size\";i:1;}}}}s:11:\"text-editor\";a:3:{s:5:\"count\";i:4;s:15:\"control_percent\";i:2;s:8:\"controls\";a:2:{s:7:\"content\";a:1:{s:14:\"section_editor\";a:1:{s:6:\"editor\";i:4;}}s:5:\"style\";a:1:{s:13:\"section_style\";a:5:{s:10:\"text_color\";i:4;s:21:\"typography_typography\";i:4;s:22:\"typography_font_family\";i:4;s:22:\"typography_font_weight\";i:4;s:22:\"typography_line_height\";i:4;}}}}s:9:\"container\";a:3:{s:5:\"count\";i:3;s:15:\"control_percent\";i:1;s:8:\"controls\";a:3:{s:6:\"layout\";a:1:{s:24:\"section_layout_container\";a:6:{s:14:\"flex_direction\";i:2;s:5:\"width\";i:1;s:14:\"container_type\";i:1;s:13:\"content_width\";i:1;s:17:\"grid_columns_grid\";i:1;s:14:\"grid_rows_grid\";i:1;}}s:8:\"advanced\";a:1:{s:14:\"section_layout\";a:3:{s:10:\"_flex_size\";i:1;s:7:\"padding\";i:1;s:16:\"_flex_align_self\";i:1;}}s:5:\"style\";a:1:{s:18:\"section_background\";a:2:{s:21:\"background_background\";i:2;s:16:\"background_color\";i:2;}}}}}"],"_elementor_css":["a:6:{s:4:\"time\";i:1715934479;s:5:\"fonts\";a:2:{i:0;s:5:\"Kanit\";i:2;s:6:\"Roboto\";}s:5:\"icons\";a:0:{}s:20:\"dynamic_elements_ids\";a:0:{}s:6:\"status\";s:4:\"file\";i:0;s:0:\"\";}"]},"_links":{"self":[{"href":"https:\/\/www.monpins.com\/index.php\/wp-json\/wp\/v2\/pages\/16","targetHints":{"allow":["GET"]}}],"collection":[{"href":"https:\/\/www.monpins.com\/index.php\/wp-json\/wp\/v2\/pages"}],"about":[{"href":"https:\/\/www.monpins.com\/index.php\/wp-json\/wp\/v2\/types\/page"}],"author":[{"embeddable":true,"href":"https:\/\/www.monpins.com\/index.php\/wp-json\/wp\/v2\/users\/1"}],"replies":[{"embeddable":true,"href":"https:\/\/www.monpins.com\/index.php\/wp-json\/wp\/v2\/comments?post=16"}],"version-history":[{"count":49,"href":"https:\/\/www.monpins.com\/index.php\/wp-json\/wp\/v2\/pages\/16\/revisions"}],"predecessor-version":[{"id":485,"href":"https:\/\/www.monpins.com\/index.php\/wp-json\/wp\/v2\/pages\/16\/revisions\/485"}],"wp:attachment":[{"href":"https:\/\/www.monpins.com\/index.php\/wp-json\/wp\/v2\/media?parent=16"}],"curies":[{"name":"wp","href":"https:\/\/api.w.org\/{rel}","templated":true}]}}